 12.
-3
15 (base 6) to base 14
b
Convert 3 (base 5) to base 11.
3
What is 40 (base 9) in base 11?
33
Convert -5 (base 8) to base 16.
-5
Convert 2 (base 14) to base 6.
2
-115 (base 8) to base 11
-70
What is 1 (base 9) in base 4?
1
Convert -10 (base 8) to base 2.
-1000
1 (base 4) to base 11
1
What is 2 (base 16) in base 5?
2
Convert -1 (base 3) to base 14.
-1
-1 (base 9) to base 13
-1
What is -6e (base 16) in base 2?
-1101110
What is 3 (base 15) in base 16?
3
-5 (base 15) to base 2
-101
-a1 (base 16) to base 5
-1121
What is -6 (base 16) in base 10?
-6
Convert 0 (base 10) to base 5.
0
-415 (base 8) to base 15
-12e
-1 (base 9) to base 14
-1
Convert 24 (base 11) to base 2.
11010
What is 5 (base 10) in base 9?
5
What is -1000110 (base 2) in base 10?
-70
Convert 11 (base 10) to base 15.
b
-98 (base 16) to base 12
-108
150 (base 6) to base 12
56
Convert 165 (base 10) to base 5.
1130
What is -2 (base 6) in base 2?
-10
What is -1110001 (base 2) in base 5?
-423
113 (base 4) to base 9
25
Convert 2 (base 5) to base 13.
2
What is -10001111 (base 2) in base 16?
-8f
Convert 10 (base 6) to base 14.
6
Convert -9 (base 14) to base 11.
-9
-50 (base 9) to base 12
-39
What is -50 (base 8) in base 15?
-2a
24a (base 11) to base 2
100101000
13 (base 13) to base 4
100
11120 (base 3) to base 9
146
1 (base 9) to base 11
1
6 (base 8) to base 2
110
Convert 2 (base 7) to base 5.
2
Convert -141 (base 7) to base 5.
-303
What is -1030 (base 5) in base 3?
-12012
What is -1 (base 2) in base 3?
-1
-1 (base 7) to base 13
-1
What is 1 (base 14) in base 3?
1
Convert -10 (base 11) to base 12.
-b
What is -220 (base 14) in base 8?
-644
1 (base 6) to base 5
1
What is 1110 (base 2) in base 5?
24
-4 (base 6) to base 7
-4
What is -2 (base 7) in base 6?
-2
What is -13 (base 10) in base 15?
-d
Convert -10 (base 3) to base 12.
-3
What is 92 (base 10) in base 15?
62
What is -3 (base 11) in base 8?
-3
a (base 14) to base 3
101
What is -33 (base 4) in base 16?
-f
What is -4 (base 7) in base 16?
-4
What is 242 (base 7) in base 6?
332
What is 3 (base 5) in base 13?
3
-3 (base 10) to base 5
-3
What is -313 (base 4) in base 14?
-3d
-1 (base 2) to base 10
-1
522 (base 7) to base 13
171
Convert -1111 (base 3) to base 13.
-31
-2 (base 5) to base 16
-2
Convert -18 (base 10) to base 7.
-24
Convert 7 (base 12) to base 10.
7
Convert -6 (base 8) to base 5.
-11
What is -113 (base 4) in base 14?
-19
1 (base 5) to base 8
1
-13 (base 5) to base 7
-11
What is -12 (base 4) in base 5?
-11
What is 1 (base 14) in base 13?
1
-21 (base 3) to base 13
-7
What is -179 (base 10) in base 14?
-cb
Convert 22 (base 4) to base 10.
10
Convert 1 (base 16) to base 7.
1
-1 (base 10) to base 15
-1
What is 14d (base 15) in base 3?
102001
Convert -149 (base 12) to base 7.
-405
What is 24 (base 12) in base 13?
22
-13 (base 6) to base 2
-1001
-1 (base 9) to base 6
-1
What is 11 (base 4) in base 12?
5
30 (base 4) to base 11
11
Convert 2110 (base 3) to base 10.
66
0 (base 16) to base 12
0
What is -211 (base 3) in base 6?
-34
-3 (base 14) to base 6
-3
Convert 22 (base 5) to base 14.
c
-8a (base 13) to base 10
-114
14 (base 8) to base 11
11
-22 (base 3) to base 10
-8
Convert 45 (base 6) to base 2.
11101
3 (base 12) to base 14
3
Convert -1 (base 13) to base 3.
-1
-47 (base 8) to base 16
-27
Convert -20 (base 3) to base 8.
-6
Convert 11001 (base 3) to base 7.
214
Convert 21 (base 10) to base 8.
25
Convert 4 (base 10) to base 12.
4
What is -5b (base 13) in base 9?
-84
Convert -10 (base 5) to base 15.
-5
-4 (base 5) to base 3
-11
-1 (base 4) to base 12
-1
What is c (base 13) in base 15?
c
-11 (base 16) to base 7
-23
115 (base 9) to base 5
340
What is -2 (base 4) in base 16?
-2
Convert -2311 (base 4) to base 6.
-501
What is 5 (base 6) in base 12?
5
Convert 320 (base 6) to base 14.
88
Convert -5 (base 7) to base 10.
-5
What is -1001 (base 2) in base 13?
-9
-6 (base 9) to base 2
-110
What is -122 (base 16) in base 5?
-2130
Convert -10000 (base 2) to base 8.
-20
Convert -10 (base 9) to base 6.
-13
a (base 11) to base 16
a
Convert 2 (base 11) to base 15.
2
Convert -26 (base 8) to base 10.
-22
24 (base 13) to base 14
22
What is 23 (base 13) in base 10?
29
Convert -10 (base 3) to base 2.
-11
What is 53 (base 10) in base 15?
38
Convert 5 (base 16) to base 8.
5
Convert -c9 (base 16) to base 6.
-533
What is 316 (base 10) in base 2?
100111100
What is -116 (base 8) in base 7?
-141
Convert 2002 (base 5) to base 13.
165
10 (base 4) to base 8
4
-220 (base 4) to base 6
-104
What is -10 (base 12) in base 14?
-c
What is -7 (base 16) in base 3?
-21
-2 (base 7) to base 4
-2
What is 1011 (base 3) in base 8?
37
-111 (base 6) to base 11
-3a
What is -14 (base 12) in base 11?
-15
-11 (base 3) to base 12
-4
What is 111 (base 2) in base 10?
7
What is 1002 (base 3) in base 4?
131
1c (base 16) to base 3
1001
What is 16 (base 14) in base 12?
18
b8 (base 12) to base 13
aa
Convert -2 (base 14) to base 9.
-2
-3 (base 12) to base 6
-3
2033 (base 4) to base 11
120
-2 (base 13) to base 8
-2
What is -3 (base 9) in base 3?
-10
What is 1100001 (base 2) in base 6?
241
What is -10 (base 4) in base 7?
-4
Convert 300 (base 5) to base 2.
1001011
Convert 3 (base 9) to base 10.
3
What is -2b (base 12) in base 2?
-100011
-1 (base 14) to base 16
-1
Convert 6 (base 12) to base 5.
11
-115 (base 8) to base 3
-2212
What is 3 (base 12) in base 8?
3
What is -35 (base 6) in base 12?
-1b
What is -2 (base 6) in base 11?
-2
Convert 2004 (base 5) to base 12.
192
What is 2b (base 13) in base 8?
45
-14 (base 7) to base 14
-b
What is -a6 (base 15) in base 8?
-234
-1 (base 7) to base 9
-1
Convert 1 (base 16) to base 3.
1
-31 (base 5) to base 15
-11
2 (base 12) to base 14
2
What is 0 (base 14) in base 15?
0
What is 0 (base 7) in base 15?
0
Convert 0 (base 7) to base 15.
0
What is 0 (base 16) in base 7?
0
What is -7 (base 12) in base 9?
-7
What is -11 (base 6) in base 10?
-7
What is -513 (base 6) in base 14?
-d7
-166 (base 11) to base 15
-cd
What is 3 (base 5) in base 14?
3
Convert -1 (base 9) to base 5.
-1
What is -26 (base 11) in base 12?
-24
Convert -5a (base 11) to base 2.
-1000001
What is -15 (base 6) in base 2?
-1011
-22 (base 13) to base 9
-31
Convert 42 (base 5) to base 13.
19
12 (base 5) to base 13
7
Convert 3 (base 7) to base 16.
3
6 (base 8) to base 3
20
Convert 1 (base 14) to base 11.
1
414 (base 6) to base 16
9a
What is 1101010 (base 2) in base 11?
97
Convert 62 (base 11) to base 2.
1000100
Convert 2 (base 15) to base 8.
2
Convert 300 (base 10) to base 8.
454
Convert 11 (base 5) to base 12.
6
What is -4 (base 12) in base 2?
-100
What is -74 (base 9) in base 13?
-52
Convert -55 (base 11) to base 6.
-140
What is 36 (base 13) in base 16?
2d
Convert -29 (base 10) to base 12.
-25
-15 (base 8) to base 3
-111
-84 (base 15) to base 14
-8c
Convert 23 (base 13) to base 8.
35
What is -11 (base 2) in base 4?
-3
7 (base 14) to base 6
11
Convert 1 (base 4) to base 15.
1
What is 1030 (base 6) in base 8?
352
Convert -332 (base 8) to base 4.
-3122
What is -14 (base 12) in base 16?
-10
Convert -15 (base 8) to base 10.
-13
e (base 16) to base 6
22
What is -11 (base 14) in base 6?
-23
114 (base 13) to base 2
10111010
1100 (base 2) to base 14
c
11 (base 3) to base 7
4
Convert 57 (base 9) to base 15.
37
-10 (base 9) to base 10
-9
-206 (base 7) to base 4
-1220
What is -2 (base 10) in base 4?
-2
What is 1100101 (base 2) in base 3?
10202
66 (base 8) to base 16
36
What is 4b (base 15) in base 7?
131
101 (base 2) to base 10
5
-1002 (base 3) to base 8
-35
What is 10 (base 5) in base 6?
5
Convert -2 (base 7) to base 10.
-2
What is 4 (base 10) in base 11?
4
3 (base 13) to base 11
3
What is -27 (base 11) in base 15?
-1e
Convert -6 (base 16) to base 5.
-11
Convert -23 (base 7) to base 16.
-11
-47 (base 9) to base 11
-3a
What is -62 (base 7) in base 3?
-1122
-a4 (base 13) to base 6
-342
4f (base 16) to base 10
79
8 (base 15) to base 4
20
4 (base 8) to base 14
4
-7 (base 12) to base 13
-7
Convert a (base 12) to base 10.
10
Convert -111 (base 4) to base 14.
-17
Convert 2 (base 9) to base 6.
2
be (base 16) to base 7
361
What is a9 (base 15) in base 13?
c3
What is 23 (base 11) in base 14?
1b
-10100 (base 2) to base 8
-24
111 (base 2) to base 10
7
14 (base 6) to base 2
1010
What is 517 (base 8) in base 11?
285
-7 (base 16) to 